101?
-101010
In base 16, what is 19 + -f8?
-df
In base 15, what is 4 + a1?
a5
In base 16, what is 0 + -29f?
-29f
In base 12, what is -ba + -4?
-102
In base 16, what is -19bd - 1?
-19be
In base 6, what is -505 + 0?
-505
In base 16, what is f + 9e?
ad
In base 15, what is 3 + -b39?
-b36
In base 11, what is -791 - 4?
-795
In base 10, what is -23 + 608?
585
In base 7, what is 22 - -22?
44
In base 4, what is 21 + 10223?
10310
In base 6, what is 4 + 44425?
44433
In base 11, what is -571 + 2?
-56a
In base 4, what is 13000 - -23?
13023
In base 11, what is -8 + 52?
45
In base 9, what is -183 - 2?
-185
In base 4, what is -311 - -3?
-302
In base 15, what is 2919 - -3?
291c
In base 6, what is -1 + -330?
-331
In base 4, what is 2 + 220?
222
In base 7, what is -11 - -43?
32
In base 13, what is -3914 + 3?
-3911
In base 8, what is 3 + -6327?
-6324
In base 15, what is 1 - 4?
-3
In base 7, what is -332 + -4?
-336
In base 14, what is 8 - 10?
-6
In base 16, what is -90 - -a?
-86
In base 16, what is 0 + cb?
cb
In base 3, what is 101102 - -2?
101111
In base 9, what is -2457 - 1?
-2458
In base 9, what is 2203 + -2?
2201
In base 16, what is -3 + -18?
-1b
In base 9, what is 0 + 101?
101
In base 10, what is -1 - 25?
-26
In base 14, what is d1b - 5?
d16
In base 5, what is 12133 + -4?
12124
In base 15, what is 85 - -a?
90
In base 14, what is -1 - 24?
-25
In base 10, what is 5 - -974?
979
In base 6, what is 11 + -1124?
-1113
In base 15, what is -51 - -4?
-4c
In base 4, what is 2 - -2211?
2213
In base 6, what is -132 + -220?
-352
In base 16, what is -42c + -4?
-430
In base 2, what is 101 + -1110111?
-1110010
In base 7, what is -14 - -66?
52
In base 4, what is -212 + -3?
-221
In base 9, what is 11 - -452?
463
In base 5, what is -342 + 4?
-333
In base 5, what is -1 - -141100?
141044
In base 14, what is 286 - -3?
289
In base 14, what is 7 - -106?
10d
In base 5, what is -140222 + -2?
-140224
In base 5, what is 43334 - 4?
43330
In base 16, what is 5d - -3?
60
In base 7, what is 166 + 34?
233
In base 16, what is -3 + -4fc?
-4ff
In base 12, what is 200 - 3?
1b9
In base 10, what is 5468 + 2?
5470
In base 13, what is -2 - -484?
482
In base 12, what is 5 + -861?
-858
In base 5, what is 44 - 11313?
-11214
In base 3, what is -20 - 2100?
-2120
In base 9, what is 428 + -78?
340
In base 10, what is -406 - 22?
-428
In base 6, what is -1024 + -2?
-1030
In base 11, what is -5 - 139?
-143
In base 10, what is -500 - 3?
-503
In base 12, what is -4 - 27?
-2b
In base 10, what is -2 - -2229?
2227
In base 8, what is -244 - 5?
-251
In base 11, what is 34 - -153?
187
In base 12, what is 2485 - 5?
2480
In base 9, what is -161 + -5?
-166
In base 10, what is 4 + 2547?
2551
In base 9, what is 52 - 15?
36
In base 7, what is -11 - 306?
-320
In base 9, what is 5233 + -3?
5230
In base 5, what is 110 - -2?
112
In base 14, what is 551 + -1?
550
In base 10, what is 37 + -37?
0
In base 14, what is -dc + -6?
-104
In base 11, what is -15 - 76?
-90
In base 11, what is 8 + -514?
-507
In base 7, what is 131 - 253?
-122
In base 12, what is -1 - b61?
-b62
In base 2, what is -10 + 1001101000?
1001100110
In base 10, what is 2 - -99?
101
In base 11, what is 24 - a?
15
In base 4, what is 22 - -131?
213
In base 11, what is -32 - -62?
30
In base 13, what is -2 - -2?
0
In base 4, what is 11 + 103032?
103103
In base 10, what is -7 + -18?
-25
In base 16, what is 0 - -90?
90
In base 9, what is -83 - 56?
-150
In base 3, what is 1 - 2222000?
-2221222
In base 3, what is 10000 + 2?
10002
In base 14, what is 380 - -5?
385
In base 5, what is -34410 - -11?
-34344
In base 9, what is 8477 - 0?
8477
In base 16, what is -2 + -d1?
-d3
In base 8, what is 2 + -31?
-27
In base 6, what is -500 + -113?
-1013
In base 8, what is 3 + -23174?
-23171
In base 7, what is 5 + -140?
-132
In base 14, what is -7 - -71?
68
In base 5, what is 3310 + -10?
3300
In base 5, what is 4 + -321?
-312
In base 12, what is -5 - -44?
3b
In base 11, what is 2 - 47?
-45
In base 7, what is -454 - -3?
-451
In base 10, what is 5 + -218?
-213
In base 16, what is -115 - -f?
-106
In base 12, what is -25a - 0?
-25a
In base 4, what is -2301 - -11?
-2230
In base 4, what is 1 - -32030?
32031
In base 14, what is -1 + -3a?
-3b
In base 13, what is 5 - 4?
1
In base 10, what is 188 + -2?
186
In base 2, what is -11 - 1?
-100
In base 9, what is -2268 + 8?
-2260
In base 4, what is -20013 + 11?
-20002
In base 9, what is -123 + -2?
-125
In base 11, what is 0 - -170?
170
In base 3, what is -1 + -1110?
-1111
In base 9, what is 13 + -181?
-167
In base 12, what is 7 - -126?
131
In base 7, what is -235 - -10?
-225
In base 13, what is 26 + -8?
1b
In base 15, what is -3 + -c?
-10
In base 16, what is -2 - -148?
146
In base 15, what is -6dd + -3?
-6e1
In base 14, what is 355 + -5?
350
In base 3, what is 10211121 + 1?
10211122
In base 13, what is -84 + 8?
-79
In base 7, what is -442 + -3?
-445
In base 10, what is -21 + 1?
-20
In base 10, what is -6 + -375?
-381
In base 12, what is 570 - -3?
573
In base 5, what is 3 + -2?
1
In base 5, what is -1301 - 13?
-1314
In base 10, what is 7 - -8?
15
In base 10, what is -2 - 443?
-445
In base 15, what is d0 - 0?
d0
In base 8, what is 454 - 0?
454
In base 12, what is -13 + 5?
-a
In base 2, what is 1 + -101001010111?
-101001010110
In base 4, what is -121 + 2302?
2121
In base 9, what is -6 + -26?
-33
In base 4, what is 32011 + 10?
32021
In base 2, what is -1 - 110000011?
-110000100
In base 15, what is -15 + 9?
-b
In base 16, what is -10 - -b?
-5
In base 6, what is 30303 - 4?
30255
In base 11, what is -133 - 4?
-137
In base 4, what is -1 - 3111?
-3112
In base 15, what is -1e - db?
-10a
In base 9, what is -114 + 50?
-54
In base 9, what is -25 - 235?
-261
In base 16, what is -9 + -39?
-42
In base 14, what is -b + 186?
179
In base 13, what is -712 + -3?
-715
In base 13, what is -60 - -9?
-54
In base 11, what is 1 + -1313?
-1312
In base 3, what is 1110 - 112?
221
In base 2, what is 110 + 1?
111
In base 16, what is -1 - 1a?
-1b
In base 2, what is -1100 - 11100?
-101000
In base 8, what is -242 - 3?
-245
In base 3, what is -10 + -2200212?
-2200222
In base 3, what is -12 + 2012?
2000
In base 7, what is 2 + -106?
-104
In base 6, what is 1 + 45?
50
In base 9, what is -183 - -31?
-152
In base 7, what is -243 - 1?
-244
In base 11, what is 4 + 49a?
4a3
In base 4, what is 213 - -12?
231
In base 11, what is 9 - -7?
15
In base 16, what is 4 - ca?
-c6
In base 3, what is 1210001022 + -1?
1210001021
In base 7, what is 4 - -40?
44
In base 3, what is -12 - -20?
1
In base 9, what is -6740 - -3?
-6736
In base 8, what is 1 + -1160?
-1157
In base 4, what is 1 - -2130?
2131
In base 15, what is -46 + 15?
-31
In base 15, what is -2d + 18?
-15
In base 16, what is 0 + 13c?
13c
In base 15, what is 1 - 110e?
-110d
In base 5, what is -102 - 2?
-104
In base 2, what is -1001 - -10011101?
10010100
In base 12, what is -2 - -86b?
869
In base 14, what is 113 - -16?
129
In base 13, what is 0 - 34?
-34
In base 3, what is 11012212 + 0?
11012212
In base 2, what is -100 + 1010110101?
1010110001
In base 12, what is -b4 + -23?
-117
In base 3, what is -1102 - -1020?
-12
In base 15, what is -2 - -284?
282
In base 16, what is 2 - -a8?
aa
In base 3, what is -1 - -2012?
2011
In base 3, what is -12 + -111222?
-112011
In base 11, what is -5 + 19?
14
In base 3, what is 120 + 102201?
110021
In base 7, what is 50 - 352?
-302
In base 11, what is -121 - 2?
-123
In base 13, what is -3 - -37?
34
In base 14, what is 108 + -1?
107
In base 3, what is -10002 - -12?
-2220
In base 5, what is -141 + -14?
-210
In base 15, what is 0 - -6c?
6c
In base 6, what is 12314 - -11?
12325
In base 8, what is -2 + -6633?
-6635
In base 11, what is 85 + -113?
-39
In base 6, what is 1 + -3?
-2
In base 8, what is -21 - 5?
-26
In base 3, what is -2 - 1010112?
-1010121
In base 15, what is -a3 + 1?
-a2
In base 10, what is -5 + -5043?
-5048
In base 2, what is 1000011 + 1111101?
11000000
In base 11, what is -50966 + 0?
-50966
In base 7, what is -2 + 155?
153
In base 12, what is 4 + -89?
-85
In base 14, what is 2b - -1d?
4a
In base 16, what is -2 + -224?
-226
In base 7, what is -6526 + 4?
-6522
In base 3, what is 10 + 1112102?
1112112
In base 8, what is -36 - -1?
-35
In base 3, what is -12 + -11021?
-11110
In base 5, what is -200302 + -2?
-200304
In